*q - 105. Let c(y) = 5*h(y) - 8*p(y). What are the prime factors of c(-2)?
239
Let n = 7187 + -3948. List the prime factors of n.
41, 79
Let f = 13 - -1. Suppose -2872 = 6*z - f*z. List the prime factors of z.
359
Let t be (-10)/(-45) + 156/27. Let p be 18/3*(111/t - 2). Let h = -15 + p. List the prime factors of h.
2, 3, 7
Let g(u) = -51*u**3 + 5*u**2 + 304*u + 2469. List the prime factors of g(-8).
3, 17, 173
Let q be (-3)/15 - (-121)/5. Suppose -q = -11*j + 3*j. What are the prime factors of j/(6/(-112))*25/(-20)?
2, 5, 7
Suppose 3*l - 58 = 4*l. Let u be (-1 + 0 + 67/(-2))/(335/670). Let d = l - u. What are the prime factors of d?
11
Suppose 0*y + 2338 = 4*y + 3*v, -5*y = -5*v - 2940. Suppose -2*d = -2*g + y, 7*d = 5*g + 12*d - 1485. List the prime factors of g.
5, 59
Let m = 5590 + -1751. Suppose -4*q + m = -3*a, 3*q - 3*a = 8*q - 4819. List the prime factors of q.
2, 13, 37
Let a(j) = 24*j - 59. Let t(f) = -2*f - 1. Let q(k) = 2*a(k) - 6*t(k). List the prime factors of q(9).
2, 107
Let u(w) = 281*w**2 + 69*w - 4. What are the prime factors of u(4)?
2, 149
Suppose 166 = 7*x - 436. Let q be (354/(-3))/(4 - x/21). Suppose 4*s + 403 = q. List the prime factors of s.
11, 19
Let v(i) = 3239*i + 68. What are the prime factors of v(3)?
5, 19, 103
Let u(z) = 3*z - 1. Let i(t) = 6*t - 1. Suppose 59*n = 58*n + 5. Let j(k) = n*u(k) - 3*i(k). List the prime factors of j(-19).
5, 11
Let k = 1112 + -1044. Let p(x) = -x + 2. Let q be p(0). Suppose k + 144 = q*i. List the prime factors of i.
2, 53
List the prime factors of (-366)/(-244)*64756/6.
16189
Let y be (639/(-45))/(1/(-5)). Let l(v) = -2*v**2 + y + v**3 - 66 - 10*v**2 + 23*v. What are the prime factors of l(11)?
137
Let m(o) = -o**2 - 18*o + 37. Let p be m(-19). Let t be (15/6)/(1/p) + 1. Suppose -t*w + 462 = -40*w. List the prime factors of w.
7, 11
Suppose -8*i - 42*i + 421399 + 239551 = 0. List the prime factors of i.
13219
Let b = 6099 - 3107. What are the prime factors of (-1)/(0 + 3) - b/(-12)?
3, 83
Suppose 3*i = 4*z + 2 + 7, 0 = 4*z. Suppose -4*v = 3*f - 671, -v + i + 2 = 0. List the prime factors of f.
7, 31
List the prime factors of (-6)/(-15) - (317556/(-60) - -5).
2, 661
Let r(x) = 2*x + 3 - 2 - 13*x**2 - 201*x**2. Let y be r(-1). Let b = y - -380. What are the prime factors of b?
3, 5, 11
Suppose -67*w + 88*w - 122997 = 0. What are the prime factors of w?
5857
Let n(j) = j - 8. Let b be n(14). Suppose 0 = -b*c + 7*c. Suppose c = 13*f - 11*f - 208. What are the prime factors of f?
2, 13
Let c(l) = l**3 - 42*l**2 + 235*l - 481. What are the prime factors of c(59)?
3, 19, 67
Let m be (6/(-8))/(5/20). Let r be -165*(m + -2 + (-21)/(-5)). Let d = -62 + r. What are the prime factors of d?
2, 5, 7
Let p be 3 + -1*1 - (11 + 3). Let b be (3/4)/((-71)/p - 6). List the prime factors of (-2)/b + 18/(-81) - -111.
3, 37
Let x be (1 - (-2)/(-6))*102. Let r = 74 - x. Suppose 0 = -8*i + r*i + 268. List the prime factors of i.
2, 67
Suppose 3*a + 2*a = -40. Let v(z) = -16*z - 38 - 11*z + 16*z - 12*z. List the prime factors of v(a).
2, 73
Suppose 0 = -2*k + 2*p + 18024, -7*k + 4*k + p + 27034 = 0. What are the prime factors of k?
9011
Let j = -41 - -54. Suppose 16*z - 1632 = j*z. List the prime factors of z.
2, 17
Let z = 14 + -11. Let q be 582/(0 + z) + 2. Suppose -121 = -5*v - 3*m + q, -v + 81 = 5*m. List the prime factors of v.
61
Let x(m) = 2071*m - 2100. List the prime factors of x(43).
89, 977
Let w(p) = -2*p + 34. Let n be w(15). Suppose -n = -2*s - 0*s. Suppose -4*a - 70 = -s*o + a, -3*o + 105 = -3*a. List the prime factors of o.
5, 7
Let m be (-16)/(-72) + ((-110)/9 - 2). Let z be 28*(-1)/m*4. Suppose z*j - 1704 = -4*j. List the prime factors of j.
2, 71
Suppose 74*x = 165*x - 306215. List the prime factors of x.
5, 673
Suppose -48 = r + 5*w, 2*r + 36 = -w + 6*w. Let z be (-3)/5 + 348/(-20). What are the prime factors of 46/3*7/(r/z)?
3, 23
Let z(r) = -r**3 - 83*r**2 + 123*r - 550. What are the prime factors of z(-86)?
2, 5, 7, 79
Let m(d) = 70*d**2 + 11*d - 16. Let f be m(6). Suppose 5*l - f = 695. List the prime factors of l.
653
Suppose -2*g - u = 2*u - 1364, -5*g - 4*u = -3424. Let c = 1119 - g. What are the prime factors of c?
431
Let d = 1966 + -1094. Suppose -4*r - 21*p = -17*p - d, 3*r = 5*p + 646. What are the prime factors of r?
7, 31
Suppose -36*n + 31*n + 138544 = 4*i, -4*i - n = -138576. List the prime factors of i.
2, 17, 1019
Let k = 270 - 269. Let r(j) be the first derivative of 29*j**4 - 2*j**3/3 + 2*j - 6. List the prime factors of r(k).
2, 29
Let l(f) = -f**2 + 6*f + 34. Let o be l(9). Suppose -4*d - 24 = -o*d. Suppose -d*p - 97 = -9*p. What are the prime factors of p?
97
Let s = -36217 - -53660. List the prime factors of s.
17443
Suppose 2*f = -90 + 372. Suppose -7*b + 33*b = 15*b + 2607. Let r = b - f. What are the prime factors of r?
2, 3
Let w = -832 + 2462. Suppose 3*c - w = -145. What are the prime factors of c?
3, 5, 11
Suppose -1371 = 2*v + 3*t, 4*v = 6*t - 5*t - 2707. Let s = 1117 + v. What are the prime factors of s?
439
Let g = 8435 - -20896. What are the prime factors of g?
3, 3259
Suppose -4*f + 858 + 606 = 0. Let q = f - -487. What are the prime factors of q?
853
Let c be (-5 - -4)*0/1 + 280. Let s = -59 + c. List the prime factors of s.
13, 17
Let j = -1212 - 280. What are the prime factors of 66/363 + j/(-22)?
2, 17
Suppose -34 = 5*y + 5*g - 119, -2*y + 4*g + 58 = 0. Let l(a) be the first derivative of a**3/3 - 17*a**2/2 - 14*a + 6. List the prime factors of l(y).
2, 5, 7
Let j(f) = -2*f**3 - 5*f**2 - 49*f - 14. What are the prime factors of j(-12)?
2, 5, 331
Suppose -31*b + 66 = -58. Suppose -5*l - 823 = -d + 310, -b*d + 4576 = 2*l. List the prime factors of d.
3, 127
Let o(y) = -y**3 + 29*y**2 + 37*y + 40. Let k be (-6 - -37) + 1/(-1). What are the prime factors of o(k)?
2, 5
Let h(r) = -15*r + 38. Let s be h(3). List the prime factors of 6/(-1) + s + 203.
2, 5, 19
Let m(t) = -98*t - 384. Let c be m(-4). Let p(q) be the second derivative of 5*q**3/6 + 5*q**2 + q. List the prime factors of p(c).
2, 5
Let p(z) = z**3 + 13*z**2 + 34*z + 62. Let i be p(-10). Let j = -69 - -34. Let o = i - j. List the prime factors of o.
3, 19
Suppose 4*k = 2*n - 10, -5*k - 43 - 2 = 4*n. Let h be k/((-30)/4) - 1004/(-6). Suppose 2*z = 6*z - h. What are the prime factors of z?
2, 3, 7
Suppose 6*q = 10*q + 696. Let y be 1/(11/(-2)) - q/(-11). Let u = 53 - y. List the prime factors of u.
3, 23
Let j(u) = 2*u**2 + 29*u + 102. Let p be j(-12). Let m = p - -317. What are the prime factors of m?
359
Let m = 22563 + -18078. List the prime factors of m.
3, 5, 13, 23
Suppose -614913 = -28*w + 330787. List the prime factors of w.
5, 7, 193
Suppose 136*r + 38594 = 140*r - 59206. What are the prime factors of r?
2, 3, 5, 163
Let o be (11 + 138/30)*(-10)/(-4). Suppose 52152 = -o*a + 92*a. What are the prime factors of a?
2, 3, 41
Let i(j) be the first derivative of -17*j**2 - 247*j - 239. What are the prime factors of i(-18)?
5, 73
Suppose -60 = -0*x - 10*x. Let s be 30 + -1 - x/(-12)*2. Suppose -7*g + s = -82. List the prime factors of g.
2
Let z(b) = -7*b - 6. Let c be (9/(-7) - -1) + (-112)/(-49). Suppose -23 = c*v + 7. What are the prime factors of z(v)?
3, 11
Suppose -39*n + 14*n + 78*n - 349429 = 0. List the prime factors of n.
19, 347
Let q(s) = 26*s**3 - 14*s**2 + 45*s + 27. List the prime factors of q(6).
3, 601
Suppose 14*d - 12*d - 8*d + 36180 = 0. List the prime factors of d.
2, 3, 5, 67
Suppose -n = 1 + 59. Let z be (-1)/(3 - (-175)/n). Let j = 58 + z. What are the prime factors of j?
2, 23
Let z = -59 - -122. Let f(a) = -2*a**2 - 89*a + 113. Let q be f(-45). Let h = q - z. What are the prime factors of h?
5
Let t(k) = 15733*k**3 - 5*k**2 + 2*k + 2. Let s be t(1). Suppose s = 35*p - 17*p. List the prime factors of p.
2, 19, 23
Let x be (10/(-6) - 0)*(-12)/10. Suppose 4*y - 3*d = 3558, -4*y + y + 2677 = x*d. What are the prime factors of y?
3, 11
Suppose 5*i + 15*i = 60. List the prime factors of i/(-2) - (-1317)/6.
2, 109
Let f = -68 + 55. Let j(v) = v**3 + 15*v**2 - 16*v + 15. What are the prime factors of j(f)?
3, 11, 17
Let x be (-10362)/(-5) - 12/30. Let k = -1439 + x. What are the prime factors of k?
3, 211
Suppose -16*q - 4*q + 311925 = 5*q. List the prime factors of q.